2572. What is the remainder when d is divided by 32?
22
Suppose -10*l + 18 = -5*l - 3*r, -10 = -3*l + r. Suppose -6*i + 7*i - 40 = 4*u, -l*u = 12. What is the remainder when 56 is divided by i?
8
What is the remainder when 2656 is divided by (622 + 1)*((-678)/84 + 8)*-2?
75
Let n(x) = -6*x + 286. Calculate the remainder when n(-20) is divided by 62.
34
Let g(t) = t**3 + 10*t**2 + 10*t + 192. Calculate the remainder when 190 is divided by g(-9).
7
Let w(q) = -9*q**3 + 2*q**2 + 3*q - 2. Let k be w(2). Let j be (-710)/(-4)*(-18)/(-45). Let y = j + k. Calculate the remainder when y is divided by 6.
5
Suppose -10 - 6 = -4*x. Let m(i) = -i**2 + 9*i - 8. Let q be m(x). Suppose -t + 3*r + q = -0*t, 5*r - 2 = -2*t. What is the remainder when t is divided by 5?
1
Let k = -21 - -17. Calculate the remainder when (-6636)/(-77) + -7 - k/(-22) is divided by 40.
39
Let l(d) = 3*d**2 - 84*d - 54. Let a be l(31). Calculate the remainder when (-7 - a/(-3)) + -1 is divided by 11.
1
Let b be (-6)/8 - (-1376775)/180. Suppose -41*w + 73*w = b. Calculate the remainder when w is divided by 61.
56
Let x be ((-77)/14 + 5)/(1/(-6)). Suppose -x*l = 15, -3*r + 0*l - 173 = -2*l. Let f = -9 - r. What is the remainder when f is divided by 28?
24
Let c(n) = n**2 - 4*n - 2. Let p be ((-24)/(-8))/(3/2). Suppose 0 = p*s - 24 + 28. What is the remainder when 38 is divided by c(s)?
8
What is the remainder when 1860/(-279)*(0 - 60) is divided by 22?
4
Let x(y) = 2*y**2 + 72 - 23*y - 40 + 18. What is the remainder when x(15) is divided by 13?
12
Let u be (-46)/161 + (-690)/(-14). Suppose -39 + u = n. Calculate the remainder when 54 is divided by n.
4
Suppose 5*j + 96630 = 5*b + j, -5*j + 77345 = 4*b. Calculate the remainder when b is divided by 27.
25
Suppose -299*c + 304*c - 976 + 286 = 0. What is the remainder when 509 is divided by c?
95
Let u(d) = -111*d - 3597. What is the remainder when 85 is divided by u(-33)?
19
Suppose 4*s + r = -25, 2*s + 0*s + 8 = 4*r. Let a be 0/(-4*3/s + -1). What is the remainder when 26 - 3*4/3 - a is divided by 18?
4
Suppose -5*d + 2*z + 568 = 0, -2*d - 3*d - 4*z + 544 = 0. Suppose 23*x = 16*x + d. Calculate the remainder when 63 is divided by x.
15
Let u(c) be the first derivative of 4*c**3/3 + 80*c**2 + 34*c - 240. Calculate the remainder when 34 is divided by u(-40).
0
Suppose 0 = -p - 4*p + 100. What is the remainder when (16/(-5))/((-1)/p) is divided by 2 - 458/(-14) - 58/(-203)?
29
What is the remainder when 767 is divided by (6656/(-320) - -20)/((-1314)/1310 - -1)?
243
Suppose -c = -5*y + 8, -4*c + 4 = 5*y - 14. Suppose -1200 = -7*t + 2*t - q, -y*t + 4*q = -458. What is the remainder when t is divided by 22?
19
Let g(f) = f**3 + 19*f**2 - 3*f + 21. Let h be g(-19). Let m = h + -21. Calculate the remainder when 398 is divided by m.
56
Suppose -143*q + 100885 + 21296 = 6065. Calculate the remainder when q is divided by 168.
140
Suppose -3*w = -5*f - 38, 2*f = 2*w - 2*f - 26. Suppose -4*z + 102 = 2*o, z - 6*z + 25 = 0. Let t = o + -11. Calculate the remainder when t is divided by w.
8
Let u(p) = 19*p + 104. What is the remainder when 1136 is divided by u(0)?
96
Let m(q) = q**3 + 15*q**2 - 20*q + 2. Let h be m(-16). Suppose b = -26 - h. Let k = 122 + b. What is the remainder when 179 is divided by k?
29
Suppose 3*i + 4*g - 15 = 159, 0 = -2*i + 5*g + 70. Calculate the remainder when 479 is divided by i.
29
Let p = 1619 + -674. Calculate the remainder when p is divided by 60.
45
Let t(b) = -2*b - 1. Let k(f) = -2*f**2 + 40*f + 7. Let r(o) = -k(o) + 2*t(o). Calculate the remainder when 75 is divided by r(23).
1
Let g(h) be the second derivative of -3*h**3/2 - 17*h**2 - 92*h. What is the remainder when 129 is divided by g(-5)?
8
Let a be 1 + 1 + (-7)/1. Let u be 0/((a + 4)*1). Suppose t - 4 = -i, i - 2*i - 5*t = u. What is the remainder when 20 is divided by i?
0
Suppose -313 = -2*p - 5*u, -6 = 2*u - 0*u. Suppose 0 = 3*v - 9, -3*v + 48 = 2*s + v. Calculate the remainder when p is divided by (-4)/s - 5382/(-162).
32
Let c = -76 + 121. Let p(r) = r**2 - 2*r + 2. Let l = -8 + 13. Calculate the remainder when c is divided by p(l).
11
Suppose 0*r = -6*r + 930. Let o = 863 + -840. What is the remainder when r is divided by o?
17
Suppose -11*h + 6*h = -5, -j + 28 = -3*h. Let k(q) = -q**3 - 9*q**2 - 9*q + 9. Calculate the remainder when j is divided by k(-8).
14
Let a(m) = -12*m + 217. Suppose 0 = -3*i + 6*i - 45. Calculate the remainder when 56 is divided by a(i).
19
Suppose -3*a + 24 = -3*l, -3*a - l = -5*l - 23. Suppose -n + 180 = a*n. Let u = 3 + n. What is the remainder when 40 is divided by u?
19
What is the remainder when (38859/2)/(1206/804) is divided by 17?
16
Let i be 3/(122/(-62) + (-6)/(-3)). Let j = i - 79. Let b = -28 - -53. What is the remainder when b is divided by j?
11
Suppose 0*k + k - 25 = 0. Let x(h) = h**2 - 3*h - 472. Let w be x(-21). Let j = w - k. Calculate the remainder when 26 is divided by j.
5
What is the remainder when 1057 is divided by 75 + -82 + 1 + 26?
17
Suppose 0 = 6*k + 6*k - 36. Suppose -2*x - 69 = -k*p + 20, -4*p = 5*x - 111. Calculate the remainder when 79 is divided by p.
21
Let w = 184 + -56. Let y = -9498 - -9508. Calculate the remainder when w is divided by y.
8
Suppose 0 = -3*r - 19*r + 1517 - 329. Calculate the remainder when 358 is divided by r.
34
Let p be (-28)/(-245)*20 + 2/(-7). Let k = -18 - -36. Suppose -p*i + i + k = 0. Calculate the remainder when i is divided by 6.
0
Calculate the remainder when 862002/486 + (-1 - 2/(-6)) is divided by 14.
9
Let p be ((-8)/16)/(2/(-8)). Suppose 0 = -2*i - p + 20. Let t = -360 - -375. Calculate the remainder when t is divided by i.
6
Let q(s) = s**2 - 103*s + 1733. Suppose 2*b = -2*j + 92, -5*b + 212 = -3*j + 2*j. Calculate the remainder when q(19) is divided by b.
8
What is the remainder when (-654)/((-27)/((-135)/(-10))) is divided by 12?
3
Let l(c) = -35*c - 33. Let w be l(-3). Suppose -2*d + 5*d - w = -a, 0 = 5*a. Let q(p) = p**3 + 9. Calculate the remainder when d is divided by q(0).
6
Let w(x) = 2*x**3 + 27*x**2 + 53*x - 19. Calculate the remainder when 296 is divided by w(-10).
145
Let w(x) = -1830*x - 3589. Calculate the remainder when w(-2) is divided by (-18)/4*(-4 + 0).
17
Let w(p) = -3*p**3 - 2*p**2 + 4*p + 4. Suppose 5*a + 4*i - 12 - 130 = 0, 3*a + 5*i - 80 = 0. What is the remainder when w(-4) is divided by a?
28
Suppose -172*a + 23763 + 5133 = 0. What is the remainder when 5206 is divided by a?
166
Suppose 10*g - 99 = -g. Suppose -3*b + j - 2*j + 436 = 0, 0 = 3*j - 12. Calculate the remainder when 71 is divided by 2624/b + (-2)/g.
17
Let u(l) = -7*l - 2. Let n be u(-3). Suppose -c - n = -3*v, 5*c + 4*v + 31 = 3*v. Let p(a) = -a**2 - 10*a + 1. What is the remainder when 85 is divided by p(c)?
19
Suppose -7*s + 7 - 238 = 0. Let g = -45 - -94. Let z = g + s. Calculate the remainder when 45 is divided by z.
13
Let w = -108 - -131. Let q(i) = -i**3 + 22*i**2 + 26*i - 37. What is the remainder when 92 is divided by q(w)?
28
Suppose j + 12 = 3*l, 3*l - 19 = -4. Suppose -18 - 27 = -j*h. Calculate the remainder when h is divided by (-21 + 0)/((-24)/16).
1
Let w(g) = -3729*g + 4. Let o be w(2). Let m = o - -4880. Calculate the remainder when m/(-52)*2/(-6)*-2 is divided by 18.
15
Let f(n) = -12*n - 14. Let k(s) = -s**3 + 5*s**2 + 11*s - 12. Let l be k(7). Let q be (5/3)/(11/l). Calculate the remainder when f(q) is divided by 8.
6
Let h(p) = -p + 42. Suppose -20*v + 8*v = 66*v - 26130. What is the remainder when v is divided by h(0)?
41
Let z(a) = 50*a**2 + a. What is the remainder when z(-1) is divided by 33/((-33)/(-58)) - 17?
8
Suppose 17 = -23*a + 5982 + 3051. What is the remainder when a is divided by 42?
14
Suppose 298 = 55*g - 36*g - 310. Calculate the remainder when 167 is divided by g.
7
Let f(l) = 5*l - 2. Suppose 135*w + 260 = 136*w. Suppose 5*j - 5*b - w = 0, 2*b = -2*j + 3*b + 105. What is the remainder when j is divided by f(6)?
25
Suppose 3*b - 72 = -3*c, 3*b + 114 = 4*c + b. Calculate the remainder when 15504/1428*14/4 is divided by c.
11
Let c(x) = 8*x + 58. Let h(q) = 63*q + 405. Let t(y) = -30*c(y) + 4*h(y). Calculate the remainder when t(17) is divided by 19.
8
Let c be 24/(-144) - (-458)/12. Suppose -c*b = -32*b - 138. Calculate the remainder